et f be (-72)/(-21) - (-28)/49. Suppose f*h - 2*d - 1852 = 3*d, -5*h + 2328 = -3*d. What is the tens digit of h?
6
Let p = 1027 + 2350. What is the units digit of p?
7
Let m = -159 - -399. Suppose 0 = -2*r - 2*r - m. Let d = r + 99. What is the tens digit of d?
3
Let v(q) = -263*q - 234. Let k be v(-10). Let j = -1236 + k. What is the units digit of j?
0
Let g = -671 - -674. What is the hundreds digit of ((-10)/g)/((-7)/2184)?
0
What is the units digit of (473/22 + 14)/((-2)/(-164))?
1
Suppose -107 = 4*u - 135. Suppose -o + u = -8. What is the tens digit of 6 + (-100)/o - 548/(-3)?
8
Let i = 359 + -94. Suppose 2*r = i + 125. What is the units digit of r?
5
Let z(q) = 139*q - 177. Let y be z(10). Let p = -764 + y. What is the units digit of p?
9
Suppose -16 + 4 = -i - 2*q, 2*i - 9 = q. Suppose 364 = i*x - 428. What is the units digit of x?
2
Let a(j) = -4*j**2 + 21*j - 38. Let k be a(13). Let z = -65 - k. What is the units digit of z?
6
Let w be 3/((0 - 9)*(-4)/48). Suppose w*j - 1 = -4*g - 5, -g = 3. What is the hundreds digit of 764/(-12)*((j - 1) + -4)?
1
Suppose 5*a - 716 = -f, a - 4*a + 420 = 3*f. Let h = 565 + a. What is the hundreds digit of h?
7
Let n(p) = 4*p**3 + 33*p**2 - 2*p - 12. What is the units digit of n(12)?
8
Let k = 162 - 154. Let x(t) = 9*t**2 - 12*t + 68. What is the tens digit of x(k)?
4
Let x be (-2)/(-6) - 80/(-30). Suppose 0 = q - 5*n + 14, -n + 4 + 2 = x*q. Suppose -t + 88 = -q. What is the units digit of t?
9
Let i(t) = t**3 - 8*t**2 - 3*t. Let y = 40 + -37. Suppose 15 = v + v - y*h, 35 = 4*v - h. What is the units digit of i(v)?
4
Let s(x) = x**3 - 9*x**2 + 5*x + 4. Let y be s(6). Let j = 84 + y. What is the units digit of 35/2*8/j?
4
Suppose -3*a - 340 + 71 = 5*h, -3*a = -5*h - 281. Let x = h - -221. What is the units digit of x?
6
Suppose -g = -27*i + 28*i - 5518, 5*i + 3*g - 27594 = 0. What is the units digit of i?
0
Suppose 51*m - 37*m + 56 = 0. Let j(s) = 26*s**2 - 16*s - 5. What is the hundreds digit of j(m)?
4
Suppose 3*d - 15182 = 2*b + 10807, 4*d - 34651 = 3*b. What is the units digit of d?
5
Suppose 4 = -w + 2, -4*l - w = -318. What is the tens digit of ((-448)/l)/((-1)/50)?
8
Let l = -10969 + 17621. What is the hundreds digit of ((-8)/(-6))/(3 + l/(-2220))?
3
Suppose -6*q + 25 = -q. Suppose -29 = 4*r - 497. Suppose -q*y - 62 = -r. What is the units digit of y?
1
Suppose 5*b = -o + 33, -b - o + 2*o = -3. Let v(z) = 10*z**2 + b + 3 + 0*z**3 - z**3 + 0*z - 7*z. What is the units digit of v(8)?
1
Suppose -2*r = -0*r + 2*f + 1254, -5*r - 4*f = 3131. Let o = 920 + r. What is the units digit of o?
7
Let r = -10 + 25. Let k be (9 + r)*1/2. What is the tens digit of -36*2*k/(-32)?
2
Let v(z) = 3*z**2 + 196*z + 67. What is the tens digit of v(59)?
7
What is the tens digit of ((-1911)/(-52))/(9/600)?
5
Let l(h) = 5*h**2 + 42*h - 672. What is the tens digit of l(-59)?
5
Suppose 1493092 = 217*x - 471460 - 1303034. What is the ten thousands digit of x?
1
Let w be -200 - (2 - 3 - -1). Let d be (3/18*-4)/((-2)/921). Let h = d + w. What is the tens digit of h?
0
Let a(v) = -v**3 + 7*v**2 - 12*v + 12. Let f be a(5). Suppose 1887 = 3*m + c, -f*c + 1258 = -5*m + 7*m. What is the units digit of m?
9
Suppose 7394 = 2*f + 2*k - 1832, -3*k = -5*f + 23057. What is the thousands digit of f?
4
Suppose -25859 = -12*u + 53125. What is the hundreds digit of u?
5
Let u(k) = k**3 + 25*k**2 - 16*k - 16. Let d be u(-17). Suppose 2*y = 5*z - d, -z + 0*y = -y - 513. What is the hundreds digit of z?
5
Let x be 1 + -3 + -1 + 0. Let a = 8 + x. Suppose 0 = -a*t + 2*m + 158 + 117, -t = -2*m - 63. What is the units digit of t?
3
What is the units digit of (4 - (-75)/(-21)) + 13/(546/909072)?
5
Suppose 6*z - 7110 = z + 5*y, -4250 = -3*z - 5*y. Suppose 0 = 10*d - 700 - z. What is the hundreds digit of d?
2
Let v(q) = 2*q**3 + 11*q**2 - 8*q - 38. What is the tens digit of v(-4)?
4
Let f(y) = -2*y - 8*y**2 + 56231 - y**3 + 3*y - 56234. Suppose u = 3*u + 18. What is the units digit of f(u)?
9
Let s = 8665 + 4252. What is the ten thousands digit of s?
1
Let o(a) = 100*a**3 - 9*a**2 + 5*a - 4. What is the units digit of o(7)?
0
Let r(d) = 114*d - 90. Let y be r(16). Suppose -3*j = -y + 432. What is the hundreds digit of j?
4
Let u(y) = -y**2 + 8*y - 1. Suppose -2*g - 8 = 0, -5*h + 22 = 2*g - 0*g. Let z be u(h). What is the units digit of (-9)/(-2)*34 + z + -7?
7
Let y(d) = 1746*d**3 - 10*d + 13. What is the ten thousands digit of y(3)?
4
Let z be -1 + 2*(-2)/(-1). Suppose -18 = -3*f - 2*n, -47*n = -5*f - 48*n + 16. What is the units digit of f/((-8)/(-2))*324/z?
4
Let h(c) = -c - 95. Let r(d) = 2*d + 191. Let q(b) = -5*h(b) - 2*r(b). What is the tens digit of q(0)?
9
Let b(u) = 0*u**2 - 3*u**2 - u + 0*u - 4 + 7*u**2 + 62*u**3. Let x be b(2). Let y = x - 339. What is the hundreds digit of y?
1
Let u(q) = -8*q + 7. Let t be u(-5). Suppose -t*o + 45*o + 1110 = 0. What is the hundreds digit of o?
5
Let k be -18 + (-4*2)/(-2). Let s be ((-18)/5 + 3)*(k + -1). What is the tens digit of (-2)/s + (-3565)/(-45)?
7
Suppose 4*a - 188 = -5*c, -4*c - 30 = -3*a - 168. What is the hundreds digit of 109868/99 - (-4 - (-136)/c)?
1
Let z = 40 - 35. Suppose -z*i + 5*l + 15 = 0, 0*i + 5*l - 25 = -3*i. Suppose -5*h + 253 = -2*b, b = -i*h + 13 + 243. What is the units digit of h?
1
Suppose -11875 = -2*v - 3*f, -3*v + 5*f + 12032 + 5790 = 0. What is the units digit of v?
9
Suppose 21*w - 7*w - 7518 = 0. What is the units digit of (w - 24) + (-3)/(-1) + 2?
8
Let x = -129 - -147. Suppose -4*q + x*q - 7378 = 0. What is the units digit of q?
7
Let w(a) = -a**2 - 15*a - 47. Let h be w(-4). What is the tens digit of ((-56)/(-30) - 2)*h*440?
7
Suppose 124558 = 2*l - 2*n, -2*l - 13722 = 5*n - 138259. What is the units digit of l?
6
Let y(z) = -57*z**2 - 30*z - 126. Let j(o) = -115*o**2 - 60*o - 252. Let i(m) = -4*j(m) + 7*y(m). What is the hundreds digit of i(-5)?
5
Suppose -662*c + 596*c = -893376. What is the units digit of c?
6
Let o(v) = -10*v + 7. Let g(q) be the third derivative of -q**6/20 - q**5/60 + q**3/3 - 20*q**2. Let u be g(1). What is the units digit of o(u)?
7
Let q(p) = 10*p - 88. Let o be q(9). Suppose -5*h + o*h + 1684 = 4*k, 1724 = 3*h - 4*k. What is the units digit of h?
8
Let r = 13503 - 8637. What is the units digit of r?
6
Suppose 4*j + u - 2144 = 0, -u - 20 + 24 = 0. What is the tens digit of j?
3
Suppose -4489*p = -4514*p + 337075. What is the tens digit of p?
8
Let f be (-6)/2*6*(-2)/4. Suppose -5*k + 3*x - 886 = -2355, -3*x - f = 0. What is the tens digit of k?
9
Suppose -5*i + r + 10 = 0, 4*i - 13 = 2*r + 1. Let d be 1 + -1 - (0 - 2). Suppose -i = -d*y + 81. What is the units digit of y?
1
Let w(z) = 15*z**3 - 2*z**2 - 10*z + 29. What is the thousands digit of w(8)?
7
Let s(j) be the second derivative of 5*j**3/6 + 4*j**2 + j. Suppose -7*k = -9*k + 8. What is the units digit of s(k)?
8
Suppose 0 = -41*m - 4*m - 17055. What is the tens digit of 4*9/(-9)*m?
1
Let v be ((-4 + 1)/3)/1. Let s be 404/8*2 + v. Let t = s + -61. What is the tens digit of t?
3
Suppose -9*r + 46*v + 31209 = 50*v, 4*v = -2*r + 6954. What is the thousands digit of r?
3
Let g(x) = x**3 - 6*x**2 - 5*x - 10. Let m be g(7). Suppose -4 = -0*n - n, 0 = w + m*n - 1891. Suppose -w = -9*c - 516. What is the tens digit of c?
5
Suppose -j + 3*x + 3 = 4*x, 0 = 4*x. Suppose 4*z + 55 = o - z, -j*o + 4*z = -132. Suppose -720 = 35*u - o*u. What is the tens digit of u?
4
Suppose -5*z - 775 = 4*g, 3*z + 250 = -4*g - 207. Suppose 25*v = 926 - 3151. Let a = v - z. What is the tens digit of a?
7
Let u = -33 + 37. Suppose u*z + 3*o - 473 = 0, -4*z - 154 + 621 = o. What is the units digit of z?
6
Let s(d) = d**3 - 12*d**2 + 4*d - 3. Let z be (-33)/(-11) - (1 - 7). Let q be s(z). What is the units digit of ((-12)/9)/(4/q)?
0
Let m be ((-42)/28)/((-3)/8). Suppose -4*t + 3*a + 26 = 0, t + 4*t + m*a = 48. Suppose 0 = i + 3*d - 137, 3*d = t*d + 15. What is the hundreds digit of i?
1
Suppose 0 = f - 3*v + 4, f - 2*v - 2*v + 8 = 0. Suppose -2789 = -f*o + 5299. What is the hundreds digit of o?
0
Suppose 4*q - 6196 = -4*y, -2215 - 885 = -2*y - 4*q. Suppose -8*c + 2*b + 770 = -6*c, 4*c - y = -4*b. What is the tens digit of c?
8
Let b be (-32)/22*-37 + 42/231. Suppose -51*h + b*h - 9 = 0. Suppose -h*n - 4 = 8, 839